 Let f be b(5). Suppose 0 = -6*x + f - 6. Let h(s) be the first derivative of s**3/3 - 9*s**2/2 + 12*s + 4. What is h(x)?
4
Let i(l) = -7*l + 7. Let b(y) = -y. Let u(m) = -5*b(m) + i(m). Let a = -14 + 32. Suppose 0 = 3*k - 6*k + a. Calculate u(k).
-5
Let d(a) be the second derivative of a**4/12 + 4*a**3/3 + 5*a**2/2 - 2*a. Let n = -2401 + 2396. Determine d(n).
-10
Let y(l) = -31 + 25 + 2*l**2 + 10 + 5*l. Calculate y(-4).
16
Let f(x) = -56*x - 1. Let o(n) = -10*n + 679. Let p be o(68). Determine f(p).
55
Suppose s = 4*v - 10, 2*v - s - 3*s = -2. Suppose -5*y = v*p - 10, p - 2*p = -y + 2. Let c(w) = -2*w**3 + y*w + 1 + 7*w**2 + 0*w**2 - 7*w**2. Determine c(-1).
1
Let v(g) = 17*g**2 - g. Suppose -4*j + 60 = w, 2*w + 2*w - 2 = j. Suppose -h = -6*h + 3*z + j, 26 = 4*h + 5*z. Suppose -2*o + 2 = -h*o. What is v(o)?
18
Let y(d) be the first derivative of -d**4/4 + d**3 + 2*d**2 + 3*d - 3. Let k = 38 + -21. Let m = -13 + k. Give y(m).
3
Let f(y) be the second derivative of y**5/120 - 5*y**4/12 - y**3/2 + y. Let j(v) be the second derivative of f(v). Determine j(5).
-5
Let q(l) = -5*l. Let r be q(-2). Let y be 25/(-10)*(-8)/r. Let i(n) = -3 + 7*n**2 - 4*n**y - 1 + 5. Give i(1).
4
Let b(c) be the third derivative of c**5/60 + c**4/3 + 2*c**3/3 + c**2. Let o be 38/(-26) + 1 - (-4543)/(-1001). Calculate b(o).
-11
Let d(z) = 11*z - 81. Let k(a) = -2*a + 14. Let r(n) = -6*d(n) - 34*k(n). Calculate r(-2).
6
Let s(v) = v**3 - 6*v**2 - 3*v - 10. Let h = 242 - 235. What is s(h)?
18
Let g(p) = p**3 - 8*p**2 + 6*p + 10. Let d(n) = 3*n**3 - 3*n**2 - 2*n - 1. Let o be d(2). Determine g(o).
3
Let n(q) = q**2 + 12*q + 9. Let g be n(-11). Let f(k) = 3*k - 4. Let z(c) = c - 1. Let v(m) = g*z(m) + f(m). What is v(5)?
3
Let x(p) = p**3 - 5*p**2 - p + 3. Let w be (5 + -3)/(2/3). Let r(g) = 8*g**2 - g**3 + 8*g + w + 3*g - 2 - 14. Let v be r(9). What is x(v)?
-2
Let u(m) be the first derivative of 33 + 6*m + m**3 - 7/2*m**2. Determine u(4).
26
Let m(y) = -y**2 + 7*y + 9. Let u(z) = -4*z - 24. Let g be u(-8). Give m(g).
1
Let d(i) = -2*i - 3. Let f be -2 - (56/(-8) + (-1 - 0)). Let x(a) = a + 1. Let v be x(2). Suppose v*z = f*z + 15. Give d(z).
7
Let s(c) = c**2 + 3*c - 2. Suppose m = -v - 3, m - 6*m = 25. Suppose -3*l - 1 = -v*p + 16, 3*l + 14 = -p. Determine s(l).
8
Let y(b) = 2*b + 2. Suppose 5*i = 7 - 7. Suppose -11 = -i*w + 3*w + 4*m, -3*w - m - 14 = 0. Give y(w).
-8
Let v(l) = l**2 + 8*l + 6. Let x = -42 - -8. Let y = x - -29. Calculate v(y).
-9
Suppose 0 = -5*s + 18 - 3. Let n be -2 + 3 + (s - -2). Let c(g) = 5*g. Let i(t) = t + 1. Let q(d) = -c(d) + 4*i(d). Determine q(n).
-2
Let l(j) be the third derivative of j**6/720 - j**5/60 - 3*j**4/2 - 37*j**2. Let s(w) be the second derivative of l(w). Give s(2).
0
Let i(u) = 6*u**2 + 6*u - 3. Let m(w) = -5*w**2 - 5*w + 3. Let y(d) = -4*i(d) - 5*m(d). Let c = -35 - -29. Let f be (-21)/(-21)*c/2. Give y(f).
3
Let r(c) = -c**3 - 2*c**2 + 2*c + 1. Suppose 3*f + 30 = -0*u + 3*u, -2*u + 20 = 2*f. Let b = u + -7. Suppose -5*y = -b*i + 27, i + 2 = 5*y + 21. Calculate r(y).
4
Let m(b) be the second derivative of -b**4/12 + 31*b**2/2 + 2*b + 83. Give m(0).
31
Let z(j) be the third derivative of -j**2 - 1/144*j**6 - 1/6*j**4 + 0*j + 1/40*j**5 + 0 + 0*j**3. Let a(w) be the second derivative of z(w). Give a(3).
-12
Let n be -3 - (4 - 21/3*1). Suppose -f + p = -p + 4, n = -4*p + 4. Let x(c) = -2*c**3 - 2*c**2 + 2*c. Give x(f).
4
Let v(o) = o - 11. Let i be v(5). Let c(f) be the third derivative of 0 + 1/2*f**3 + 10*f**2 - 7/60*f**5 + 0*f - 5/24*f**4 - 1/120*f**6. Determine c(i).
-3
Let y(m) be the third derivative of 1/60*m**5 + 0*m**3 - 3*m**2 + 0*m + 1/6*m**4 + 0. Suppose 2*i = -3*t - 12 - 6, 20 = -2*t - 4*i. What is y(t)?
0
Let m(j) = 2*j**2 - 20*j - 2. Let v(a) = -2*a**2 - 7*a + 59. Let t be v(-7). Give m(t).
-2
Let z(q) = -q - 7. Suppose 2*i - 7*i - 5*a = 55, 3*i = 4*a - 5. Calculate z(i).
0
Let s be 3/((-3)/4) - 0. Let f(u) be the first derivative of u**4/4 + 4*u**3/3 + 3*u**2/2 + 4*u + 3. Calculate f(s).
-8
Let i(k) be the third derivative of k**6/120 - k**5/12 + 2*k**3/3 + 39*k**2. Calculate i(4).
-12
Let y be (-7)/(-4) + (-6)/8. Let x(h) = 2*h. Let p be x(y). Let k(q) = q**p - q**3 - q - 1 + 3 + 8. What is k(0)?
10
Let h = -9 - -15. Let t = -23 + 26. Let d(o) = 3*o - 2*o**t + o**3 + 5*o**2 + o + 2*o + 1. Determine d(h).
1
Let m(y) be the first derivative of -y**2 - 41*y - 168. Determine m(-17).
-7
Let a(y) be the second derivative of -y**5/20 - y**4/3 + 3*y**2/2 - 24*y. Let k = 74 + -78. Give a(k).
3
Suppose -7*f + 2*f = 0. Let k(s) = 5*s**2 - 2*s - 4 + 10 + 7*s. Let b(j) = -2*j**2 - 2*j - 2. Let o(c) = 8*b(c) + 3*k(c). Determine o(f).
2
Let v(f) = f**2 - 3*f + 4*f**2 - 4*f**2 - 4. Let w(q) = -q**3 - 8*q**2 - 2. Let z be w(-8). Let p = z + 5. Calculate v(p).
-4
Let i be 555/45 + (-8)/6. Let m(b) = -3*b + i*b - 7*b - 6. What is m(8)?
2
Let w(d) be the first derivative of d**3/3 - d**2/2 - d + 119. Determine w(3).
5
Let p(g) = 15 + 6*g + 0 - 9 + 2*g**2. Determine p(-4).
14
Let v = -8826 - -8819. Let q(l) = -l**3 + l**2 + l - 1. Let y(n) = 2*n**3 + 7*n**2 + 6*n. Let b(j) = q(j) + y(j). What is b(v)?
-1
Let h be (21/4)/((-25)/4 - -6). Let s = 26 + h. Let l(i) = -i**3 + 6*i**2 - 6*i - 7. Calculate l(s).
-12
Suppose 2*y - 90 = 4*x, -4*y + 75 = -4*x + y. Let r = 0 - x. Suppose -6*t + t - r = 0. Let m(h) = h**2 + 5*h + 4. Determine m(t).
4
Suppose 15 = -5*o, 4*w - 25 = 2*o - 11. Let z(x) = 3 + x**3 - x + 2*x - w*x**3 + 0. Let t be z(0). Let d(h) = 2*h. What is d(t)?
6
Suppose -3*b + 4 = -2*x - 18, 3*b + 8 = -4*x. Let z = 83 - 59. Let w(a) = 2*a - 5*a**2 + z + 4*a**2 - 24. Determine w(b).
-8
Let z(t) = -3*t + 19. Let p(d) = -2*d - 4. Let o(m) = -2*p(m) + z(m). Determine o(-24).
3
Let x(o) = o + 6. Let y(i) = 3*i + 16. Let m(k) = -5*x(k) + 2*y(k). Give m(3).
5
Let a = 156 + -153. Let l(n) = -3*n + n**3 - a + 6*n**2 + 10*n**3 - 10*n**3 - 5. Determine l(-6).
10
Let x(g) be the third derivative of -9*g**2 + 0 + 1/120*g**6 + 0*g + g**3 + 1/8*g**4 - 1/10*g**5. Give x(5).
-4
Let s(j) = 7*j**3 + j - 5. Let r(u) = -36*u**3 - 6*u + 24. Let l(m) = -2*r(m) - 11*s(m). Let p(n) be the first derivative of l(n). Give p(-1).
-14
Let q(z) = z**3 + 4*z**2 - z + 6. Let i(x) = 3*x**3 + 12*x**2 - 2*x + 18. Let a(d) = 6*i(d) - 17*q(d). Calculate a(-3).
0
Let c(u) be the first derivative of -u**3/3 - 3*u**2/2 + 3*u + 1. Suppose -20*b - 2 = -21*b. Suppose -b*k - 4 = -k. Give c(k).
-1
Let a(h) = 2*h**2 + 23*h + 3. Let y be a(0). Let n(t) = -3 + 2*t + 3. What is n(y)?
6
Let j(x) be the second derivative of 3*x**4/4 - x**3/3 + 109*x. What is j(-2)?
40
Let g(k) = -9*k**2 + 10*k - 7. Let s(u) = u**3. Let i(d) = -g(d) - s(d). Let h be i(8). Let l be ((-4)/(-3))/(h/27). Let z(r) = 2*r. Give z(l).
-8
Suppose -45*i + 41*i = -2*q + 30, 2*q + 2*i = 0. Let t(w) be the third derivative of 0*w**3 + 0*w + 1/60*w**q + 0 + w**2 - 1/24*w**4. Calculate t(2).
2
Let x(h) = 13*h + 99. Let v be x(-8). Let l(p) = p**2 + 4*p - 2. Give l(v).
3
Let o(s) = 10*s**3 - s**2. Let n(g) = -8*g**3 + g**2 - g - 1. Let v(u) = -3*n(u) - 4*o(u). Determine v(-1).
17
Let g(w) = 6*w**3 - 6*w**2 + 5*w - 1. Let c(f) = -4*f**3 + 5*f**2 - 4*f + 1. Let a(q) = -4*c(q) - 3*g(q). Let d = 16 - 18. Give a(d).
5
Let u be (-24)/18*336/64. Let r(f) = -f**3 - 7*f**2 + f - 6. Give r(u).
-13
Let y(t) = -t**3 + 19. Suppose 8 - 8 = 25*n. What is y(n)?
19
Let l(u) = -u**3 + 3*u**2 - 2*u + 5. Suppose 0 = 9*c + 927 - 963. What is l(c)?
-19
Let i(z) = -z**2 + 11*z + 18. Suppose 3*o = 3*u + 24, 5*o - u - 29 - 27 = 0. Give i(o).
6
Let l(u) = -20*u - 337. Let s be l(-17). Let c(a) = a**3 - 4*a**2 + 4. Calculate c(s).
-5
Let h(f) = f**3 + 4*f**2 + 17. Let b be h(-4). Let s(r) = -7*r + 0 + 23*r - b*r - 2. Determine s(-3).
1
Let d = -247 - -254. Let t(v) = 6*v - 5. What is t(d)?
37
Let u(k) = k**3 + 4*k**2 - 3*k + 3. Let b(z) = 61*z + 789. Let n be b(-13). Determine u(n).
15
Let z(s) = -126*s - 2 + 40*s + 46*s + 37*s. Let o(c) = -c + 14. Let t be o(7). Determine z(t).
-23
Let i(o) = -7*o - 17. Let l(r) = 3*r + 9. Let q(m) = 6*i(m) + 11*l(m). Suppose 0 = 3*x - 3, 3*y + 2*x + 7 = 3*x. Calculate q(y).
15
Let q(f) = -f**2 - 10 + 4*f**2 - 17*f - 4*f**2 + 0*f**2. Let u be q(-16). Let t(a) = 2 - a - 2. Determine t(u).
-6
Let k(z) = 7*